{"id":35,"date":"2025-07-08T12:25:52","date_gmt":"2025-07-08T12:25:52","guid":{"rendered":"https:\/\/happydonkeyfarm.dk\/?page_id=35"},"modified":"2025-07-21T18:35:15","modified_gmt":"2025-07-21T18:35:15","slug":"historien-om-miniatureaesler","status":"publish","type":"page","link":"http:\/\/happydonkeyfarm.dk\/index.php\/historien-om-miniatureaesler\/","title":{"rendered":"Historien om miniature\u00e6sler"},"content":{"rendered":"\n<p>Miniature\u00e6slet, som vi kender det i dag, har en fascinerende historie, der b\u00e5de begynder i Sydeuropa og tager fart i USA.<\/p>\n\n\n\n<p>Oprindeligt stammer miniature\u00e6sler fra Middelhavsomr\u00e5det \u2013 s\u00e6rligt fra Sardinien og Sicilien \u2013 hvor de blev brugt som arbejdsdyr. Deres lille st\u00f8rrelse gjorde dem ideelle til at b\u00e6re vand, malm og andet gods i smalle bjergomr\u00e5der. Selvom de var sm\u00e5, var de b\u00e5de st\u00e6rke, n\u00f8jsomme og yderst h\u00e5rdf\u00f8re. Gennem \u00e5rene blev de dog mere og mere sj\u00e6ldne i Europa, da st\u00f8rre arbejds\u00e6sler overtog deres funktion, og avlen gik stort set i st\u00e5.<\/p>\n\n\n\n<p>Det var f\u00f8rst, da miniature\u00e6sler blev opdaget af amerikanere i begyndelsen af 1900-tallet, at racen for alvor fik en ny chance. En h\u00e5ndfuld entusiaster importerede de sm\u00e5 \u00e6sler til USA \u2013 s\u00e6rligt fra Italien \u2013 og her begyndte en m\u00e5lrettet avl. I USA blev de ikke brugt som arbejdsdyr, men som selskabsdyr og til hobbybrug. Deres venlige temperament, nysgerrighed og nuttede udseende gjorde dem hurtigt popul\u00e6re \u2013 b\u00e5de som k\u00e6ledyr og p\u00e5 hobbyfarme. Det er is\u00e6r i USA, at racestandarden for miniature\u00e6sler blev udviklet og fastholdt, og i dag betragtes mange amerikanske linjer som grundstammen i avlen verden over.<\/p>\n\n\n\n<p>I Europa er interessen vokset igen de seneste \u00e5r \u2013 b\u00e5de for deres sociale og tillidsfulde v\u00e6sen og for muligheden for at bidrage til en sund og seri\u00f8s avl. Miniature\u00e6sler er ikke kun s\u00f8de og sjove \u2013 de har ogs\u00e5 et roligt sind, er meget menneskevante og knytter sig st\u00e6rkt til b\u00e5de mennesker og artsf\u00e6ller.<\/p>\n\n\n\n<p>P\u00e5 <strong>Happy Donkey Farm<\/strong> er det netop disse kvaliteter, vi v\u00e6rds\u00e6tter og arbejder for at bevare gennem vores avl: sunde, sociale og velfungerende miniature \u00e6sler med k\u00e6rligt sind og god kontakt til mennesker.<\/p>\n","protected":false},"excerpt":{"rendered":"<p>Miniature\u00e6slet, som vi kender det i dag, har en fascinerende historie, der b\u00e5de begynder i Sydeuropa og tager fart i USA. Oprindeligt stammer miniature\u00e6sler fra Middelhavsomr\u00e5det \u2013 s\u00e6rligt fra Sardinien og Sicilien \u2013 hvor de blev brugt som arbejdsdyr. Deres lille st\u00f8rrelse gjorde dem ideelle til at b\u00e6re vand, malm og andet gods i smalle bjergomr\u00e5der. Selvom de var sm\u00e5, var de b\u00e5de st\u00e6rke, n\u00f8jsomme og yderst h\u00e5rdf\u00f8re. Gennem \u00e5rene blev de dog mere og mere sj\u00e6ldne i Europa, da st\u00f8rre arbejds\u00e6sler overtog deres funktion, og avlen gik stort set i st\u00e5. Det var f\u00f8rst, da miniature\u00e6sler blev opdaget af amerikanere i begyndelsen af 1900-tallet, at racen for alvor fik en ny chance. En h\u00e5ndfuld entusiaster importerede de sm\u00e5 \u00e6sler til USA \u2013 s\u00e6rligt fra Italien \u2013 og her begyndte en m\u00e5lrettet avl. I USA blev de ikke brugt som arbejdsdyr, men som selskabsdyr og til hobbybrug. Deres venlige temperament, nysgerrighed og nuttede udseende gjorde dem hurtigt popul\u00e6re \u2013 b\u00e5de som k\u00e6ledyr og p\u00e5 hobbyfarme. Det er is\u00e6r i USA, at racestandarden for miniature\u00e6sler blev udviklet og fastholdt, og i dag betragtes mange amerikanske linjer som grundstammen i avlen verden over. I Europa er interessen vokset igen de seneste \u00e5r \u2013 b\u00e5de for deres sociale og tillidsfulde v\u00e6sen og for muligheden for at bidrage til en sund og seri\u00f8s avl. Miniature\u00e6sler er ikke kun s\u00f8de og sjove \u2013 de har ogs\u00e5 et roligt sind, er meget menneskevante og knytter sig st\u00e6rkt til b\u00e5de mennesker og artsf\u00e6ller. P\u00e5 Happy Donkey Farm er det netop disse kvaliteter, vi v\u00e6rds\u00e6tter og arbejder for at bevare gennem vores avl: sunde, sociale og velfungerende miniature \u00e6sler med k\u00e6rligt sind og god kontakt til mennesker.<\/p>\n","protected":false},"author":1,"featured_media":0,"parent":0,"menu_order":0,"comment_status":"closed","ping_status":"closed","template":"","meta":{"footnotes":""},"class_list":["post-35","page","type-page","status-publish","hentry"],"_links":{"self":[{"href":"http:\/\/happydonkeyfarm.dk\/index.php\/wp-json\/wp\/v2\/pages\/35","targetHints":{"allow":["GET"]}}],"collection":[{"href":"http:\/\/happydonkeyfarm.dk\/index.php\/wp-json\/wp\/v2\/pages"}],"about":[{"href":"http:\/\/happydonkeyfarm.dk\/index.php\/wp-json\/wp\/v2\/types\/page"}],"author":[{"embeddable":true,"href":"http:\/\/happydonkeyfarm.dk\/index.php\/wp-json\/wp\/v2\/users\/1"}],"replies":[{"embeddable":true,"href":"http:\/\/happydonkeyfarm.dk\/index.php\/wp-json\/wp\/v2\/comments?post=35"}],"version-history":[{"count":3,"href":"http:\/\/happydonkeyfarm.dk\/index.php\/wp-json\/wp\/v2\/pages\/35\/revisions"}],"predecessor-version":[{"id":76,"href":"http:\/\/happydonkeyfarm.dk\/index.php\/wp-json\/wp\/v2\/pages\/35\/revisions\/76"}],"wp:attachment":[{"href":"http:\/\/happydonkeyfarm.dk\/index.php\/wp-json\/wp\/v2\/media?parent=35"}],"curies":[{"name":"wp","href":"https:\/\/api.w.org\/{rel}","templated":true}]}}