{"id":70,"date":"2025-07-16T12:34:07","date_gmt":"2025-07-16T12:34:07","guid":{"rendered":"https:\/\/happydonkeyfarm.dk\/?page_id=70"},"modified":"2025-11-26T18:32:14","modified_gmt":"2025-11-26T18:32:14","slug":"vores-miniatureaesler","status":"publish","type":"page","link":"http:\/\/happydonkeyfarm.dk\/index.php\/vores-miniatureaesler\/","title":{"rendered":"Vores Miniature\u00e6sler"},"content":{"rendered":"\n<div class=\"wp-block-columns is-layout-flex wp-container-core-columns-is-layout-9d6595d7 wp-block-columns-is-layout-flex\">\n<div class=\"wp-block-column is-layout-flow wp-block-column-is-layout-flow\">\n<h2 class=\"wp-block-heading\">Ukkie Van De Falcoofarm<\/h2>\n\n\n\n<p>K\u00f8n: Hingst<\/p>\n\n\n\n<p>F\u00f8dt: D.29\/05-2012<\/p>\n\n\n\n<p>Farve: Sort<\/p>\n\n\n\n<p>H\u00f8jde: 78 cm i stangm\u00e5l<\/p>\n\n\n\n<figure class=\"wp-block-image size-large is-resized\"><img loading=\"lazy\" decoding=\"async\" width=\"1024\" height=\"909\" src=\"http:\/\/happydonkeyfarm.dk\/wp-content\/uploads\/2025\/07\/Tim_med_Ukkie_Happy_DonkeyFarm-e1752669457703-1024x909.jpg\" alt=\"\" class=\"wp-image-53\" style=\"width:363px;height:auto\" srcset=\"http:\/\/happydonkeyfarm.dk\/wp-content\/uploads\/2025\/07\/Tim_med_Ukkie_Happy_DonkeyFarm-e1752669457703-1024x909.jpg 1024w, http:\/\/happydonkeyfarm.dk\/wp-content\/uploads\/2025\/07\/Tim_med_Ukkie_Happy_DonkeyFarm-e1752669457703-300x266.jpg 300w, http:\/\/happydonkeyfarm.dk\/wp-content\/uploads\/2025\/07\/Tim_med_Ukkie_Happy_DonkeyFarm-e1752669457703-768x682.jpg 768w, http:\/\/happydonkeyfarm.dk\/wp-content\/uploads\/2025\/07\/Tim_med_Ukkie_Happy_DonkeyFarm-e1752669457703-1140x1012.jpg 1140w, http:\/\/happydonkeyfarm.dk\/wp-content\/uploads\/2025\/07\/Tim_med_Ukkie_Happy_DonkeyFarm-e1752669457703.jpg 1316w\" sizes=\"auto, (max-width: 1024px) 100vw, 1024px\" \/><\/figure>\n<\/div>\n\n\n\n<div class=\"wp-block-column is-layout-flow wp-block-column-is-layout-flow\">\n<h2 class=\"wp-block-heading\">Elsa Snow Queen<\/h2>\n\n\n\n<p>K\u00f8n: Hoppe<\/p>\n\n\n\n<p>F\u00f8dt: D. 19\/10-2022<\/p>\n\n\n\n<p>Farve: Gr\u00e5<\/p>\n\n\n\n<p>H\u00f8jde: 77 cm i stangm\u00e5l<\/p>\n\n\n\n<figure class=\"wp-block-image size-large\"><img loading=\"lazy\" decoding=\"async\" width=\"1024\" height=\"768\" src=\"http:\/\/happydonkeyfarm.dk\/wp-content\/uploads\/2025\/07\/Christina_og_Elsa_Happy_DonkeyFarm-1024x768.jpg\" alt=\"\" class=\"wp-image-59\" srcset=\"http:\/\/happydonkeyfarm.dk\/wp-content\/uploads\/2025\/07\/Christina_og_Elsa_Happy_DonkeyFarm-1024x768.jpg 1024w, http:\/\/happydonkeyfarm.dk\/wp-content\/uploads\/2025\/07\/Christina_og_Elsa_Happy_DonkeyFarm-300x225.jpg 300w, http:\/\/happydonkeyfarm.dk\/wp-content\/uploads\/2025\/07\/Christina_og_Elsa_Happy_DonkeyFarm-768x576.jpg 768w, http:\/\/happydonkeyfarm.dk\/wp-content\/uploads\/2025\/07\/Christina_og_Elsa_Happy_DonkeyFarm-1536x1152.jpg 1536w, http:\/\/happydonkeyfarm.dk\/wp-content\/uploads\/2025\/07\/Christina_og_Elsa_Happy_DonkeyFarm-2048x1536.jpg 2048w, http:\/\/happydonkeyfarm.dk\/wp-content\/uploads\/2025\/07\/Christina_og_Elsa_Happy_DonkeyFarm-1140x855.jpg 1140w\" sizes=\"auto, (max-width: 1024px) 100vw, 1024px\" \/><\/figure>\n<\/div>\n<\/div>\n\n\n\n<div class=\"wp-block-columns is-layout-flex wp-container-core-columns-is-layout-9d6595d7 wp-block-columns-is-layout-flex\">\n<div class=\"wp-block-column is-layout-flow wp-block-column-is-layout-flow\">\n<p><\/p>\n\n\n\n<p><\/p>\n\n\n\n<h2 class=\"wp-block-heading\">Debby Rovuna<\/h2>\n\n\n\n<p>K\u00f8n: Hoppe<\/p>\n\n\n\n<p>F\u00f8dt: D. 29\/05-2024<\/p>\n\n\n\n<p>Farve: Gr\u00e5<\/p>\n\n\n\n<p>H\u00f8jde: 77 cm i stangm\u00e5l<\/p>\n<\/div>\n\n\n\n<div class=\"wp-block-column is-layout-flow wp-block-column-is-layout-flow\">\n<p><\/p>\n\n\n\n<p><\/p>\n\n\n\n<h2 class=\"wp-block-heading\">Mascha<\/h2>\n\n\n\n<p>K\u00f8n: Hoppe<\/p>\n\n\n\n<p>F\u00f8dt: D.12\/05-2022<\/p>\n\n\n\n<p>Farve: Gr\u00e5<\/p>\n\n\n\n<p>H\u00f8jde: 80 cm i stangm\u00e5l<\/p>\n<\/div>\n<\/div>\n\n\n\n<div class=\"wp-block-columns is-layout-flex wp-container-core-columns-is-layout-9d6595d7 wp-block-columns-is-layout-flex\">\n<div class=\"wp-block-column is-layout-flow wp-block-column-is-layout-flow\">\n<figure class=\"wp-block-image size-full is-resized\"><img loading=\"lazy\" decoding=\"async\" width=\"240\" height=\"230\" src=\"http:\/\/happydonkeyfarm.dk\/wp-content\/uploads\/2025\/11\/Debby_Happy_DonkeyFarm.jpg\" alt=\"\" class=\"wp-image-113\" style=\"width:328px;height:auto\"\/><\/figure>\n<\/div>\n\n\n\n<div class=\"wp-block-column is-layout-flow wp-block-column-is-layout-flow\">\n<figure class=\"wp-block-image size-full is-resized\"><img loading=\"lazy\" decoding=\"async\" width=\"240\" height=\"218\" src=\"http:\/\/happydonkeyfarm.dk\/wp-content\/uploads\/2025\/11\/Mascha_Happy_DonkeyFarm.jpg\" alt=\"\" class=\"wp-image-104\" style=\"width:343px;height:auto\"\/><\/figure>\n<\/div>\n<\/div>\n\n\n\n<div class=\"wp-block-columns is-layout-flex wp-container-core-columns-is-layout-9d6595d7 wp-block-columns-is-layout-flex\">\n<div class=\"wp-block-column is-layout-flow wp-block-column-is-layout-flow\">\n<p><\/p>\n\n\n\n<p><\/p>\n\n\n\n<h2 class=\"wp-block-heading\">Pacifico&#8217;s Vito<\/h2>\n\n\n\n<p>K\u00f8n: Hingst<\/p>\n\n\n\n<p>F\u00f8dt: 06\/12-2006<\/p>\n\n\n\n<p>Farve: Sort\/Brun<\/p>\n\n\n\n<p>H\u00f8jde: 83 cm i stangm\u00e5l<\/p>\n\n\n\n<figure class=\"wp-block-image size-full is-resized\"><img loading=\"lazy\" decoding=\"async\" width=\"240\" height=\"200\" src=\"http:\/\/happydonkeyfarm.dk\/wp-content\/uploads\/2025\/11\/Vito_Happy_DonkeyFarm2.jpg\" alt=\"\" class=\"wp-image-109\" style=\"width:396px;height:auto\"\/><\/figure>\n<\/div>\n\n\n\n<div class=\"wp-block-column is-layout-flow wp-block-column-is-layout-flow\"><\/div>\n<\/div>\n","protected":false},"excerpt":{"rendered":"<p>Ukkie Van De Falcoofarm K\u00f8n: Hingst F\u00f8dt: D.29\/05-2012 Farve: Sort H\u00f8jde: 78 cm i stangm\u00e5l Elsa Snow Queen K\u00f8n: Hoppe F\u00f8dt: D. 19\/10-2022 Farve: Gr\u00e5 H\u00f8jde: 77 cm i stangm\u00e5l Debby Rovuna K\u00f8n: Hoppe F\u00f8dt: D. 29\/05-2024 Farve: Gr\u00e5 H\u00f8jde: 77 cm i stangm\u00e5l Mascha K\u00f8n: Hoppe F\u00f8dt: D.12\/05-2022 Farve: Gr\u00e5 H\u00f8jde: 80 cm i stangm\u00e5l Pacifico&#8217;s Vito K\u00f8n: Hingst F\u00f8dt: 06\/12-2006 Farve: Sort\/Brun H\u00f8jde: 83 cm i stangm\u00e5l<\/p>\n","protected":false},"author":1,"featured_media":0,"parent":0,"menu_order":0,"comment_status":"closed","ping_status":"closed","template":"","meta":{"footnotes":""},"class_list":["post-70","page","type-page","status-publish","hentry"],"_links":{"self":[{"href":"http:\/\/happydonkeyfarm.dk\/index.php\/wp-json\/wp\/v2\/pages\/70","targetHints":{"allow":["GET"]}}],"collection":[{"href":"http:\/\/happydonkeyfarm.dk\/index.php\/wp-json\/wp\/v2\/pages"}],"about":[{"href":"http:\/\/happydonkeyfarm.dk\/index.php\/wp-json\/wp\/v2\/types\/page"}],"author":[{"embeddable":true,"href":"http:\/\/happydonkeyfarm.dk\/index.php\/wp-json\/wp\/v2\/users\/1"}],"replies":[{"embeddable":true,"href":"http:\/\/happydonkeyfarm.dk\/index.php\/wp-json\/wp\/v2\/comments?post=70"}],"version-history":[{"count":13,"href":"http:\/\/happydonkeyfarm.dk\/index.php\/wp-json\/wp\/v2\/pages\/70\/revisions"}],"predecessor-version":[{"id":115,"href":"http:\/\/happydonkeyfarm.dk\/index.php\/wp-json\/wp\/v2\/pages\/70\/revisions\/115"}],"wp:attachment":[{"href":"http:\/\/happydonkeyfarm.dk\/index.php\/wp-json\/wp\/v2\/media?parent=70"}],"curies":[{"name":"wp","href":"https:\/\/api.w.org\/{rel}","templated":true}]}}